 6*z**2 + 9*z - 1. Calculate the remainder when 11 is divided by r(j).
2
Suppose -14 = -2*a + 8. Let i = 154 + -154. Suppose -u - 210 = -5*t, i*u = -2*t + 2*u + 76. Calculate the remainder when t is divided by a.
10
Suppose 495 = -63*r + 96*r. Let s = 14 + 15. Calculate the remainder when s is divided by r.
14
Let k be -1 + 7 + -4 - 4. Calculate the remainder when 102 is divided by (-26)/(-4)*8/(-4)*k.
24
Let s = -1380 - -907. Let w = s - -505. What is the remainder when 123 is divided by w?
27
Let w(m) = -225*m - 46. What is the remainder when w(-1) is divided by 32?
19
Suppose 1057*c - 1118*c = -5124. What is the remainder when 167 is divided by c?
83
Suppose 36*i - 32*i + 2*r = 92, -2*r = -4*i + 108. Let j = -132 + 231. Calculate the remainder when j is divided by i.
24
Let l = 3523 + -3484. Calculate the remainder when 174 is divided by l.
18
Suppose 4*c = -7*c + 2508. Suppose 4*f - a - 363 = 0, 3*f - c = -5*a + 50. What is the remainder when f is divided by 34?
23
Let r = -706 - -1004. Let x(p) = 3*p**3 + 75*p**2 + 335*p - 90. What is the remainder when r is divided by x(-19)?
40
Suppose -363*j - 4 = -361*j - 2*l, 4*l - 32 = 0. Calculate the remainder when 2849 is divided by j.
5
Suppose 0 = x - 14 - 6. Let d = -1845 + 1879. Calculate the remainder when d is divided by x.
14
Let f(a) = -130*a**2 + 32 + 131*a**2 - 5*a + 15*a. What is the remainder when f(-13) is divided by 5?
1
Let f(t) = -6*t. Let u(o) = 51*o + 112. Let s(m) = 6*f(m) + u(m). Calculate the remainder when 63 is divided by s(-6).
19
Suppose -5*c + 811 = 266. Suppose 3*g + 92*v - 96*v - 47 = 0, -3*g - v + 37 = 0. Calculate the remainder when c is divided by g.
5
Let h = -361156 + 361176. Let f(b) = 29*b - 4. Let u be f(4). Let y = u - 55. What is the remainder when y is divided by h?
17
Let a(q) = -q**2 - 15*q + 58. Let l be a(-18). Suppose 0 = 3*j + 12, 5*r - 4*r - l*j = 34. Calculate the remainder when 49 is divided by r.
13
Suppose 0 = 3*z + z + 688. What is the remainder when z/(-3) - (9 - (-26)/(-3)) is divided by 15?
12
Let j = 213 + -211. Suppose 4*q - 10 = -2*c, 2*c - j*q - 28 = 3*q. Calculate the remainder when 26 is divided by c.
8
Let t(f) = 376*f**2 - 2. Let c be t(-1). Suppose -2*z + 514 = -c. Calculate the remainder when z is divided by 32.
28
Suppose -16*l + 141 = -13*l. Let q(y) be the first derivative of 2*y**2 + 36*y - 47. What is the remainder when l is divided by q(-5)?
15
Suppose 191*v = 193*v + 4*n - 22, -3*v - n + 28 = 0. Calculate the remainder when 3965 is divided by v.
5
Calculate the remainder when (17 - (-2 - -26)) + 2750 is divided by 56.
55
Let s = 464 - 225. Suppose -2*g + q = -94, 0 = -2*g + 9*q - 15*q + 122. Calculate the remainder when s is divided by g.
43
Suppose -108 = 11*c + 7*c. Calculate the remainder when 146 is divided by (-183)/c - ((-36)/8)/(-9).
26
Let d(k) = -k**3 + k**2 - 14*k - 37. What is the remainder when 5306 is divided by d(-5)?
182
Let k(o) = -o**3 - 8*o**2 + 6*o - 15. Let c be k(-9). Suppose 2*u - 1666 = -c*u. What is the remainder when u is divided by 10?
9
Let j = 17 + 3. Let v = 1206 + -325. Let o = v - 843. What is the remainder when o is divided by j?
18
Let w = 269 + -257. Suppose 0 = o + q - 195, w*q - 10 = 10*q. What is the remainder when o is divided by 3?
1
Suppose -i - 4*l + 7571 = 986, 5*l = -10. Calculate the remainder when i is divided by 34.
31
Let i = 4190 + -4150. Calculate the remainder when 352 is divided by i.
32
Suppose -4*m + 2*o - 7*o + 36 = 0, -4*m - 4*o = -36. Suppose 0 = -4*r + 213 - m. Calculate the remainder when (10/(-6))/((-17)/r) is divided by 4.
1
Let p(h) = -h**3 - 27*h**2 + 72*h + 54. Let r be p(-30). Let n = 630 - r. What is the remainder when 70 is divided by n?
34
Let q = 143 + -100. Suppose -4*w + 214 = -k + q, 0 = -2*w - 2*k + 78. Suppose -w = 8*z - 10*z. What is the remainder when z is divided by 11?
10
Suppose -5*v = -12*v + 84. Suppose 0 = 3*f - 7*u + v*u - 177, -5*u = 0. Calculate the remainder when f is divided by 6.
5
Suppose 0 = -0*a - 6*a + 188 + 340. What is the remainder when 261 is divided by a?
85
Let a(t) = -2*t**3 - 12*t**2 + 13*t - 13. Let j be a(-7). Calculate the remainder when -1 + 122 + (2 - -3) + j is divided by 15.
0
Suppose 0 = -5*a - 0*c + c + 95, -2*a - c + 38 = 0. Let m(s) = -2221*s - 37689. Calculate the remainder when m(-17) is divided by a.
11
Suppose -4*t + 0*t + 4*g - 144 = 0, -4*g - 216 = 5*t. What is the remainder when 48 is divided by 5/(-4) + -135*6/t?
10
Suppose -10 = -16*v + 6. What is the remainder when 55 is divided by (1*-30 - v)/(-1)?
24
Suppose 485 = 74*d - 3733. What is the remainder when 57 is divided by d?
0
Let l(n) = -485*n + 1990. What is the remainder when 224 is divided by l(4)?
24
Let o(n) = 15*n**2 - 25. Let z(y) = 7*y**2 - 12. Let x(t) = -6*o(t) + 13*z(t). Let i be 1*6*202/404. Calculate the remainder when 9 is divided by x(i).
0
Let g(s) = 38*s + 3833. Let h(c) be the first derivative of 3*c**2/2 - 5*c - 1. Calculate the remainder when g(-100) is divided by h(4).
5
Suppose 0 = 4*i - 5*i - c + 749, -2*i + 1505 = -5*c. Let a(x) = -280*x + 19616. Calculate the remainder when i is divided by a(70).
14
Suppose 139*f - 4456 = 136*f + 5*k, -2*f + 2969 = -5*k. Calculate the remainder when f is divided by 71.
67
Let h(a) = -23*a + 269. What is the remainder when 4062 is divided by h(11)?
14
Let g(a) = -13*a - 17. Let d(o) = -91*o - 1888. Calculate the remainder when g(-7) is divided by d(-21).
5
Suppose 0 = v - 200 - 218. Suppose -4*u = 98 - v. Let z = u - 32. What is the remainder when 237 is divided by z?
45
Suppose 14 + 14 = 2*p. Suppose 3*q + 5*a = 140, -3*q + 3*a = -142 - p. Suppose -q - 70 = -3*i. What is the remainder when i is divided by 15?
10
Suppose 34*x + 18802 = 19482. What is the remainder when x is divided by 0 + 1 + 9 - -1?
9
Let o be -1 + 3 + 2 + 48. Let a = o + -50. Suppose a*h - 80 = -6*h. What is the remainder when 38 is divided by h?
8
Suppose -36*a + 675 = -1053. What is the remainder when 5949 is divided by a?
45
Suppose 42*v = -10*v + 58546 + 36146. What is the remainder when v is divided by 38?
35
Suppose 0 = -106*d + 42*d + 14016. Calculate the remainder when d is divided by 69.
12
Let u(x) = 8*x**2 - 7*x + 20. Let z be u(-23). Suppose -z = -13*j - 1553. What is the remainder when j is divided by 32?
28
Let o(s) = s**3 - 3*s**2 + 10*s - 19. Let p be o(2). Calculate the remainder when 106 is divided by (2 - p)/(-15) + 230/6.
30
Let o(g) = 62*g**2 - 7*g - 4. What is the remainder when 2208 is divided by o(-1)?
63
Let u(z) = 3*z**2 + 6*z - 8. Let d be u(-6). What is the remainder when (6/15)/(2/300) is divided by (-6)/(6/d*-4)?
12
Suppose -2*k = -0*k - 258. Suppose -79*f + 2342 = 604. Calculate the remainder when k is divided by f.
19
Calculate the remainder when 84 is divided by (51/(-34))/((-3)/(-8)*-2) + 15.
16
Calculate the remainder when 1207 is divided by 13 + 3 + -7 - (2 + (-1 - 0)).
7
Suppose 0 = -3*j + 259 - 142. Let r = -2 + 8. What is the remainder when 1840/12 + 4/r is divided by j?
37
Let g(i) = i**3 + 17*i**2 + 18*i + 34. Let m be g(-16). Suppose 4*b + 6 = o - m*o, -b = o - 9. Let j = -30 + 53. What is the remainder when j is divided by o?
9
Suppose -816 = 120*j - 168*j. What is the remainder when 100 is divided by j?
15
Let r = 8434 - 7635. Calculate the remainder when r is divided by 263.
10
Suppose 2*k = -5*n + 554, -3*k + 4*k = n - 108. Calculate the remainder when n is divided by -3 + 53 + 3 + -7.
18
Let z(r) = -r - 3*r**2 - 29 + 13*r**2 - r**3 - 2*r**2. Calculate the remainder when 49 is divided by z(7).
10
Suppose 0 = 28*z - 2259 + 1671. Calculate the remainder when 573 is divided by z.
6
Suppose 455 - 31 + 86 = 85*c. Calculate the remainder when 457 is divided by c.
1
Suppose -174*w - 408*w + 10476 = 0. Suppose 0*y = -2*y + 390. Let q = 300 - y. Calculate the remainder when q is divided by w.
15
Suppose -2*l + 275 = 5*g, 0 = -5*g + 2*l + 319 - 44. Suppose -2*m - 118 = 11*d - 15*d, -15 = 5*m. What is the remainder when g is divided by d?
27
Let l(o) = 105*o**2 - 14*o - 97. Calculate the remainder when l(-11) is divided by 69.
66
Let p(v) = 2*v**3 + 18*v**2 - 55*v - 14. What is the remainder when 475 is divided by p(3)?
31
Suppose -6*y - 11*y = -965 - 191. What is the remainder when 470 is div